{"id":581,"date":"2021-03-04T13:33:41","date_gmt":"2021-03-04T12:33:41","guid":{"rendered":"https:\/\/www.laverda-lcf.fr\/?page_id=581"},"modified":"2026-02-09T09:30:03","modified_gmt":"2026-02-09T08:30:03","slug":"le-bureau","status":"publish","type":"page","link":"https:\/\/www.laverda-lcf.fr\/index.php\/le-bureau\/","title":{"rendered":"Le bureau&#8230;"},"content":{"rendered":"\n<figure class=\"wp-block-gallery aligncenter has-nested-images columns-2 is-cropped wp-block-gallery-1 is-layout-flex wp-block-gallery-is-layout-flex\">\n<figure class=\"wp-block-image size-large\"><img loading=\"lazy\" decoding=\"async\" width=\"203\" height=\"243\" data-id=\"577\" src=\"https:\/\/www.laverda-lcf.fr\/wp-content\/uploads\/2021\/03\/prez.jpg\" alt=\"\" class=\"wp-image-577\"\/><\/figure>\n\n\n\n<figure class=\"wp-block-image size-full\"><img loading=\"lazy\" decoding=\"async\" width=\"800\" height=\"828\" data-id=\"1570\" src=\"https:\/\/www.laverda-lcf.fr\/wp-content\/uploads\/2025\/02\/jean-marc-tricoire-1.jpg\" alt=\"\" class=\"wp-image-1570\" srcset=\"https:\/\/www.laverda-lcf.fr\/wp-content\/uploads\/2025\/02\/jean-marc-tricoire-1.jpg 800w, https:\/\/www.laverda-lcf.fr\/wp-content\/uploads\/2025\/02\/jean-marc-tricoire-1-290x300.jpg 290w, https:\/\/www.laverda-lcf.fr\/wp-content\/uploads\/2025\/02\/jean-marc-tricoire-1-768x795.jpg 768w\" sizes=\"auto, (max-width: 800px) 100vw, 800px\" \/><\/figure>\n<\/figure>\n\n\n\n<p class=\"has-text-align-center has-medium-font-size\"><strong><a href=\"https:\/\/www.laverda-lcf.fr\/wp-content\/uploads\/2021\/03\/carte-de-visite-president.jpg\" target=\"_blank\" rel=\"noreferrer noopener\">Denis Cahier<\/a><\/strong> ( Pr\u00e9sident ) et<span class=\"has-inline-color has-beige-color\">.<\/span><strong><a href=\"https:\/\/www.laverda-lcf.fr\/wp-content\/uploads\/2025\/02\/cv-tricoire.jpg\" target=\"_blank\" rel=\"noreferrer noopener\">Jean Marc Tricoire<\/a> <\/strong>( Vice pr\u00e9sident)<\/p>\n\n\n\n<figure class=\"wp-block-gallery aligncenter has-nested-images columns-default is-cropped wp-block-gallery-2 is-layout-flex wp-block-gallery-is-layout-flex\">\n<figure class=\"wp-block-image size-large\"><img loading=\"lazy\" decoding=\"async\" width=\"664\" height=\"800\" data-id=\"1655\" src=\"https:\/\/www.laverda-lcf.fr\/wp-content\/uploads\/2025\/03\/tresorier.jpg\" alt=\"\" class=\"wp-image-1655\" srcset=\"https:\/\/www.laverda-lcf.fr\/wp-content\/uploads\/2025\/03\/tresorier.jpg 664w, https:\/\/www.laverda-lcf.fr\/wp-content\/uploads\/2025\/03\/tresorier-249x300.jpg 249w\" sizes=\"auto, (max-width: 664px) 100vw, 664px\" \/><\/figure>\n\n\n\n<figure class=\"wp-block-image size-large\"><img loading=\"lazy\" decoding=\"async\" width=\"514\" height=\"675\" data-id=\"1575\" src=\"https:\/\/www.laverda-lcf.fr\/wp-content\/uploads\/2025\/02\/pakale-1-e1740332013407.jpg\" alt=\"\" class=\"wp-image-1575\" srcset=\"https:\/\/www.laverda-lcf.fr\/wp-content\/uploads\/2025\/02\/pakale-1-e1740332013407.jpg 514w, https:\/\/www.laverda-lcf.fr\/wp-content\/uploads\/2025\/02\/pakale-1-e1740332013407-228x300.jpg 228w\" sizes=\"auto, (max-width: 514px) 100vw, 514px\" \/><\/figure>\n<\/figure>\n\n\n\n<p class=\"has-text-align-center has-medium-font-size\"><a href=\"https:\/\/www.laverda-lcf.fr\/wp-content\/uploads\/2021\/12\/carte-de-visite-tresorier.jpg\" target=\"_blank\" rel=\"noreferrer noopener\"><strong>Jean Michel Pisano<\/strong><\/a> (Tr\u00e9sorier) et <strong><a href=\"https:\/\/www.laverda-lcf.fr\/wp-content\/uploads\/2026\/01\/cvpakale.jpg\">Pascale Tricoire<\/a> <\/strong>(secr\u00e9taire)<\/p>\n\n\n\n<figure class=\"wp-block-gallery aligncenter has-nested-images columns-default is-cropped wp-block-gallery-3 is-layout-flex wp-block-gallery-is-layout-flex\">\n<figure class=\"wp-block-image size-large\"><img loading=\"lazy\" decoding=\"async\" width=\"800\" height=\"539\" data-id=\"576\" src=\"https:\/\/www.laverda-lcf.fr\/wp-content\/uploads\/2021\/03\/com-et-WM-copie.jpg\" alt=\"\" class=\"wp-image-576\" srcset=\"https:\/\/www.laverda-lcf.fr\/wp-content\/uploads\/2021\/03\/com-et-WM-copie.jpg 800w, https:\/\/www.laverda-lcf.fr\/wp-content\/uploads\/2021\/03\/com-et-WM-copie-300x202.jpg 300w, https:\/\/www.laverda-lcf.fr\/wp-content\/uploads\/2021\/03\/com-et-WM-copie-768x517.jpg 768w\" sizes=\"auto, (max-width: 800px) 100vw, 800px\" \/><\/figure>\n<\/figure>\n\n\n\n<p class=\"has-text-align-center has-medium-font-size\"><strong><a href=\"https:\/\/www.laverda-lcf.fr\/wp-content\/uploads\/2021\/03\/carte-de-visite-communication.jpg\" target=\"_blank\" rel=\"noreferrer noopener\">\u00ab\u00a0Willy\u00a0\u00bb Stienne<\/a><\/strong> (Communication) et <strong><a href=\"https:\/\/www.laverda-lcf.fr\/wp-content\/uploads\/2026\/02\/cv-webmaster.jpg\" target=\"_blank\" rel=\"noreferrer noopener\">Fran\u00e7ois Four\u00e9<\/a><\/strong> (Web\u00a0\u00bbmineur\u00a0\u00bb)<\/p>\n\n\n\n<figure class=\"wp-block-image size-full\"><a href=\"https:\/\/www.laverda-lcf.fr\/wp-content\/uploads\/2026\/02\/cv-webmaster.jpg\"><img loading=\"lazy\" decoding=\"async\" width=\"756\" height=\"529\" src=\"https:\/\/www.laverda-lcf.fr\/wp-content\/uploads\/2022\/11\/martine-et-domingo.jpg\" alt=\"\" class=\"wp-image-1160\" srcset=\"https:\/\/www.laverda-lcf.fr\/wp-content\/uploads\/2022\/11\/martine-et-domingo.jpg 756w, https:\/\/www.laverda-lcf.fr\/wp-content\/uploads\/2022\/11\/martine-et-domingo-300x210.jpg 300w\" sizes=\"auto, (max-width: 756px) 100vw, 756px\" \/><\/a><\/figure>\n\n\n\n<p class=\"has-text-align-center has-medium-font-size\"><strong><a href=\"https:\/\/www.laverda-lcf.fr\/wp-content\/uploads\/2022\/08\/carte-visite-Fernandes.jpg\" target=\"_blank\" rel=\"noreferrer noopener\">Martine et Domingo<\/a><\/strong> (Boutique)<\/p>\n\n\n\n<p class=\"has-text-align-center\">Cliquez sur le nom pour avoir les coordonn\u00e9es<\/p>\n","protected":false},"excerpt":{"rendered":"<p>Denis Cahier ( Pr\u00e9sident ) et.Jean Marc Tricoire ( Vice pr\u00e9sident) Jean Michel Pisano (Tr\u00e9sorier) et Pascale Tricoire (secr\u00e9taire) \u00ab\u00a0Willy\u00a0\u00bb Stienne (Communication) et Fran\u00e7ois Four\u00e9 (Web\u00a0\u00bbmineur\u00a0\u00bb) Martine et Domingo (Boutique) Cliquez sur le nom pour avoir les coordonn\u00e9es<\/p>\n","protected":false},"author":2,"featured_media":0,"parent":0,"menu_order":0,"comment_status":"closed","ping_status":"closed","template":"","meta":{"footnotes":""},"class_list":["post-581","page","type-page","status-publish","hentry"],"_links":{"self":[{"href":"https:\/\/www.laverda-lcf.fr\/index.php\/wp-json\/wp\/v2\/pages\/581","targetHints":{"allow":["GET"]}}],"collection":[{"href":"https:\/\/www.laverda-lcf.fr\/index.php\/wp-json\/wp\/v2\/pages"}],"about":[{"href":"https:\/\/www.laverda-lcf.fr\/index.php\/wp-json\/wp\/v2\/types\/page"}],"author":[{"embeddable":true,"href":"https:\/\/www.laverda-lcf.fr\/index.php\/wp-json\/wp\/v2\/users\/2"}],"replies":[{"embeddable":true,"href":"https:\/\/www.laverda-lcf.fr\/index.php\/wp-json\/wp\/v2\/comments?post=581"}],"version-history":[{"count":50,"href":"https:\/\/www.laverda-lcf.fr\/index.php\/wp-json\/wp\/v2\/pages\/581\/revisions"}],"predecessor-version":[{"id":1979,"href":"https:\/\/www.laverda-lcf.fr\/index.php\/wp-json\/wp\/v2\/pages\/581\/revisions\/1979"}],"wp:attachment":[{"href":"https:\/\/www.laverda-lcf.fr\/index.php\/wp-json\/wp\/v2\/media?parent=581"}],"curies":[{"name":"wp","href":"https:\/\/api.w.org\/{rel}","templated":true}]}}